).
25
Let g(x) = 125 - 62 - 152 - 2*x**2 - 5*x + 3*x**2. What is g(13)?
15
Let b = 183 + -190. Let d(l) = l**3 + 6*l**2 - 9*l - 17. Let u be d(b). Let z(v) = -v**3 - 3*v**2 - v + 1. What is z(u)?
4
Let f(g) = -16*g**2 + 27*g + 18 + g**3 + 30 - 25. What is f(14)?
9
Let p(n) be the first derivative of -n**5/30 - 13*n**4/24 - 5*n**3/3 - 3*n**2/2 - 20*n - 39. Let y(h) be the second derivative of p(h). Calculate y(-8).
-34
Let z(a) = -70*a + 15. Let n(l) = 94*l - 16. Let j(q) = 3*n(q) + 4*z(q). Determine j(0).
12
Let y(b) = -31*b**3 - 3*b**2 - 30*b + 6. Let w(v) = -34*v**3 - 4*v**2 - 36*v + 7. Let l(a) = 5*w(a) - 6*y(a). Give l(2).
119
Let i(v) be the third derivative of -1/8*v**4 + 4/3*v**3 + 0 - 2*v**2 + 0*v. Let j(k) = -1926*k + 8. Let h be j(0). Determine i(h).
-16
Let m = 97 + 93. Let w(l) = -95 - l + m - 85. What is w(7)?
3
Suppose 4*t - 24 = 2*t. Suppose t = 4*f - 0. Let i(n) = -f + n + 0 - 4 + 5. Give i(5).
3
Let l(i) = i**3 - 8*i**2 - 10*i + 10. Suppose 59 = 5*d - 51. Suppose -d = -7*k + 5*k. Suppose -k = -4*m - 5*o, -2*m - 12*o = -8*o + 2. Calculate l(m).
1
Let q(s) be the first derivative of -s**2/2 + 2*s + 5771. Suppose -3*c - 8 = -0*c + 4*w, 0 = -5*c + w + 25. Calculate q(c).
-2
Suppose -6*p - 4 = -4*p, -4*f = -3*p + 54. Let o(w) = 8*w + 114. Determine o(f).
-6
Let h(z) = -z**3 - 9*z**2 - 4*z + 9. Let i(s) = s**3 + 8*s**2 + 3*s - 8. Let u(v) = 3*h(v) + 4*i(v). Suppose 6 = 3*p + 18. Calculate u(p).
11
Let m(g) = -g**2 - 15*g. Let c be (-32)/24*(-1)/8*18. Suppose 0 = c*o - 288 + 330. Determine m(o).
14
Let u(v) = -3*v**2 + 9*v - 5. Suppose -5*x + 18 + 2 = -5*a, -5*a = -4*x + 16. Determine u(x).
-17
Let h be 2/(-3)*47*(-18)/(-4). Let u = h - -137. Let v(r) = -r**3 - 5*r**2 - 4*r - 5. Give v(u).
-5
Let x(k) be the second derivative of 4*k**3/3 + 55*k**2/2 + 57*k - 6. What is x(-7)?
-1
Let t(j) be the third derivative of -7/6*j**3 + 56*j**2 + 0 - 1/4*j**4 + 0*j + 1/120*j**6 - 1/15*j**5. Determine t(5).
-12
Let j(t) = t**3 - 96*t**2 - 183*t - 1277. Let c be j(98). Let v(q) = q**3 - 3*q**2 - 6*q - 1. Give v(c).
-37
Suppose -4*l = 5*a + 2 - 20, l - 2*a = -2. Let v(k) = 3*k - 3*k**2 + 4*k**2 - 2*k**2 - l*k + 3. Suppose -12*w = -w - 3*w. What is v(w)?
3
Let a(n) = 72*n - 504. Let r = -4632 + 4639. Determine a(r).
0
Let m be 30/(-4)*36/(-54). Let o(x) = 5*x + 12. Calculate o(m).
37
Let j(d) = d**3 + 9*d + 27. Let c be j(-2). Let o(f) = -33*f + 5. Determine o(c).
-28
Let w(q) = 3*q**2 - 15*q - 26. Let x be 10 - (-14)/(-4)*20/(-35) - 6. Determine w(x).
-8
Let f(l) be the third derivative of l**5/30 - l**4/8 - 11*l**3 - 2190*l**2. Determine f(-5).
-1
Let r be 15 + 12*5/10. Let f be ((-135)/60)/(r/(-12) - -2). Let g(k) = k**3 + 10*k**2 + 9*k + 3. Determine g(f).
3
Let h(c) = c + 57. Let f be h(13). Suppose -3*z + 139 - 46 = 3*g, -2*g - 4*z = -f. Suppose g - 18 = -3*j. Let v(r) = r**3 + r**2 - 4*r - 1. Give v(j).
-7
Let u(t) = 8*t + 1. Let c(h) = 9*h + 1. Let f(q) = 3*c(q) - 4*u(q). Suppose d = 2*b - 2, -5*b + 14 - 7 = -2*d. What is f(b)?
-16
Let b be (-11)/(-33)*(-30)/(-2). Let f(d) = 12*d**2 - 7*d - 4. Let t(j) = -11*j**2 + 6*j + 3. Let v(n) = b*t(n) + 4*f(n). Let m = -191 + 192. Calculate v(m).
-6
Let p(t) = -t**3 - 19*t**2 - t - 20. Let k(l) = -l**2 - 6*l - 19. Let n be k(0). Calculate p(n).
-1
Let g(a) = 40*a + 96. Let v(n) = -2*n**2 + 39*n + 104. Let y(q) = 3*g(q) - 2*v(q). Calculate y(-2).
12
Let g be 44*(10/(-4) + 2). Let r = g + 26. Let w(y) = -7*y**2 - 2*y**2 - 2 - y**3 + y + r*y**2. Give w(-5).
-7
Let u(v) = -115*v - 142. Let g(y) = -77*y - 120. Let r(c) = -8*g(c) + 5*u(c). Give r(-6).
4
Let q = -542 + 544. Suppose -x - q*w + 1 = -12, -3*x + 3 = -3*w. Let l(p) = p**3 - 4*p**2 - 6*p + 2. Calculate l(x).
-3
Let b(w) = 819*w - 6544. Let d be b(8). Let o(u) = -u**3 + 6*u**2 - 6*u - 5. Let n(s) = 2*s**3 - 13*s**2 + 12*s + 11. Let j(p) = 3*n(p) + 5*o(p). Give j(d).
-8
Suppose 0 = -5*x + 728 + 147. Let b(y) = -56*y - 63*y - 59*y + 15 + x*y. What is b(6)?
-3
Let f(o) be the first derivative of -o**2/2 + 6*o + 3517. Let h(l) = l**3 + 5*l**2 - 7*l. Let r be h(-6). Give f(r).
0
Let o(q) = 0*q + 0*q + 2 - 4*q**2 + q**3 - 2*q + q**2. Let j(t) = t**2 - 13*t + 26. Let r be j(2). Give o(r).
10
Let k = -5553 + 5552. Let j(x) = 10*x**2 + 30*x + 28. Calculate j(k).
8
Let v(s) = s - 3 - 2*s + 0*s. Suppose 3*w = -3*f - 13 + 1, -4*w - 7 = f. Let y be 9 - (f + (-6 - -23)). Give v(y).
2
Let x(i) = 4*i + 7*i**2 + 6 - 7*i**2 - 4 - 5*i**2 - 2*i. Let a(m) = -2*m**2 + 2*m + 1. Let b(f) = -2*a(f) + x(f). What is b(-3)?
-3
Let b(g) be the third derivative of g**5/60 + 31*g**4/24 + 209*g**3/6 - 2*g**2 - 2045. Calculate b(-21).
-1
Let x(k) be the first derivative of k**3/3 - 3*k**2/2 - 4*k - 3. Let n be x(5). Let j(c) be the third derivative of c**5/60 - 7*c**4/24 - 21*c**2. Give j(n).
-6
Let f(v) be the second derivative of v**5/20 + 5*v**4/12 - v**3/2 - 5*v**2/2 + 3287*v + 2. Determine f(-5).
10
Let g(s) = 31*s + 314. Let x be g(-10). Suppose 10*y + x = 11*y. Let v(n) = 6*n - 3. Calculate v(y).
21
Suppose 0 = -13*k - 275 - 817. Let c be 5/(-4 + (-346)/k). Suppose -3*v = 3*v - c. Let x(n) = n**3 - 6*n**2 - 7*n - 9. Determine x(v).
-9
Suppose 3*c - 5*k + 8 = 0, 2*k + 320 = -3*c + 340. Let s(u) = u**2 + 51*u - 219. Give s(c).
1
Let d(t) be the second derivative of 2*t**3/3 - 9*t**2/2 - t. Let o(z) = 3*z + 3. Let j be o(3). Suppose 3*h - 9 = j*b - 8*b, 6*h = b + 39. Determine d(h).
19
Let t(z) = 6*z**2 + 4*z - 9. Let n = -8412 - -8415. What is t(n)?
57
Let x(c) be the third derivative of 0*c**4 + 0*c + 30*c**2 + 0*c**3 - 7/30*c**5 + 0. Give x(-1).
-14
Let q(c) = 13*c - 38. Let a(b) = -2*b - 16. Let h(n) = 4*a(n) + q(n). Give h(14).
-32
Let t(q) = -3*q + 5. Suppose x - 12 + 13 = 0. Let y(a) = -a + 1. Let n = 28 + -23. Let u(z) = n*y(z) + x*t(z). What is u(-5)?
10
Let j(a) = -a**2 + 8*a + 1. Let h(s) = -5*s**2 + 5*s + 67. Let c(r) = 9*r**2 - 10*r - 135. Let t(l) = -4*c(l) - 7*h(l). Let k be t(11). Calculate j(k).
16
Let k(m) = m**3 + 3*m**2 - 1 - 3*m - 2*m + m. Let w = -2068 - -2945. Let c = w - 880. Determine k(c).
11
Let n(i) = -13567 + 6794 + 6778 + 8*i. What is n(-2)?
-11
Let w(j) = -5*j**2 + 19*j + 59. Let x(h) = -3*h**2 + h - 3. Let a(t) = -w(t) + 2*x(t). Calculate a(-7).
5
Let t(x) = -x**2 + 8*x + 1. Let w(y) = y**2 + 24*y + 5. Suppose f + 20 = -4*f. Let h(u) = -u**2 + 2*u. Let a be h(f). Let q be w(a). Calculate t(q).
16
Let l(d) = d**3 + 5*d**2 - d + 1. Suppose 3 = 40*g - 41*g. Let h = g + 7. Suppose -5*x - 17 = -4*t, 0*t - 28 = 4*x + h*t. Determine l(x).
6
Let k be (2 - 3)*(-442 - (3 + -4)). Let z be 2/(-3)*k/(-98). Let j(b) = b**2 + b - 1. Determine j(z).
11
Let o(q) = 2*q + 31. Let a be o(-13). Let r(m) = 4*m**2 + 9*m + 2. Let t(g) = 6*g**2 + 14*g + 3. Let k(u) = a*t(u) - 8*r(u). What is k(-4)?
-25
Let q(f) = 7*f - 15. Let x(t) = 27*t - 233. Let s(z) = -5*q(z) + x(z). What is s(-21)?
10
Let i(m) = -m**3 - 11*m**2 + 13*m - 3. Let x(v) = 38*v + 112. Let z be x(-7). Let d = z + 142. Give i(d).
-15
Let j(g) = -g + 4. Let w(z) = -z**2 + 13*z + 41. Let l be w(20). Let c = l - -105. Calculate j(c).
-2
Let o be -19 - (-10)/(27 + -17). Let g(r) = r**3 + 17*r**2 - 19*r - 11. What is g(o)?
7
Let l(b) = 29*b - 128. Let i(d) = -14*d + 63. Let h(y) = 7*i(y) + 4*l(y). What is h(4)?
1
Let n(b) = 12 + 63*b**2 + b - 5*b - 67*b**2 + 5*b**2 - 5*b. Give n(5).
-8
Suppose -j + 2 + 4 = 0. Let l(t) = 2*t - 6806 + 0*t + 6803. What is l(j)?
9
Let u(m) = -m**3 - 3*m**2 - 5*m - 9. Suppose 193*g + 684 - 105 = 0. Determine u(g).
6
Let u be (18/(-12))/((-117)/(-36) + -4). Suppose -327 = -4*f - 119. Let n(r) = u*r**2 + r**3 + r**2 + 5 - f*r + 53*r. What is n(-4)?
-15
Let s(n) = 21*n - 1. Let m(l) be the second derivative of -l**5/20 - 35*l**4/12 - 31*l**3/6 + 101*l**2/2 - 208*l. Let d be m(-34). Determine s(d).
-22
Let j be (-24)/(-10) + 84/140. Let b(z) be the third derivative of -z**6/120 + z**5/30 + z**4/12 - z**3/3 + z**2 + 33. What is b(j)?
-5
Let u = 10 + -14. Let f(l) = -19*l**2 + 6*l + 4. Let s(p) = -9*p**2 + 3*p + 2. Let c(z) = u*f(z) + 9*s(z). Give c(-1).
-6
Suppose 4*d - 20 = 0, 4 = -a + 5*d - 4*d. Suppose -a + 21 = z + 5*m, 67 = 2*z + m. Let x(c) = z + 4*c - 2*c**3 - 37 - 4*c. Give x(-2).
14
Let i(b) = -b**2 + b. Let s(t) = t**3 + 3*t**2 + 8*t. Let x(r) = 2*i(r) - s(r). Let v = 15